[INFO] cloning repository https://github.com/stevekane/rust-scene
[INFO] running `Command { std: "git" "-c" "credential.helper=" "-c" "credential.helper=/workspace/cargo-home/bin/git-credential-null" "clone" "--bare" "https://github.com/stevekane/rust-scene" "/workspace/cache/git-repos/https%3A%2F%2Fgithub.com%2Fstevekane%2Frust-scene", kill_on_drop: false }`
[INFO] [stderr] Cloning into bare repository '/workspace/cache/git-repos/https%3A%2F%2Fgithub.com%2Fstevekane%2Frust-scene'...
[INFO] running `Command { std: "git" "rev-parse" "HEAD", kill_on_drop: false }`
[INFO] [stdout] 0cd759d8ea1fc21764226fd58dd2e8efed65687c
[INFO] checking stevekane/rust-scene against master#af3c6e733a40e671550e0f0f5aeecaa13772ba56 for pr-74989
[INFO] running `Command { std: "git" "clone" "/workspace/cache/git-repos/https%3A%2F%2Fgithub.com%2Fstevekane%2Frust-scene" "/workspace/builds/worker-1/source", kill_on_drop: false }`
[INFO] [stderr] Cloning into '/workspace/builds/worker-1/source'...
[INFO] [stderr] done.
[INFO] validating manifest of git repo https://github.com/stevekane/rust-scene on toolchain af3c6e733a40e671550e0f0f5aeecaa13772ba56
[INFO] running `Command { std: "/workspace/cargo-home/bin/cargo" "+af3c6e733a40e671550e0f0f5aeecaa13772ba56" "read-manifest" "--manifest-path" "Cargo.toml", kill_on_drop: false }`
[INFO] started tweaking git repo https://github.com/stevekane/rust-scene
[INFO] finished tweaking git repo https://github.com/stevekane/rust-scene
[INFO] tweaked toml for git repo https://github.com/stevekane/rust-scene written to /workspace/builds/worker-1/source/Cargo.toml
[INFO] crate git repo https://github.com/stevekane/rust-scene already has a lockfile, it will not be regenerated
[INFO] running `Command { std: "/workspace/cargo-home/bin/cargo" "+af3c6e733a40e671550e0f0f5aeecaa13772ba56" "fetch" "--locked" "--manifest-path" "Cargo.toml", kill_on_drop: false }`
[INFO] [stderr] error: the lock file /workspace/builds/worker-1/source/Cargo.lock needs to be updated but --locked was passed to prevent this
[INFO] [stderr] If you want to try to generate the lock file without accessing the network, use the --offline flag.
[INFO] the lockfile is outdated, regenerating it
[INFO] running `Command { std: "/workspace/cargo-home/bin/cargo" "+af3c6e733a40e671550e0f0f5aeecaa13772ba56" "generate-lockfile" "--manifest-path" "Cargo.toml" "-Zno-index-update", kill_on_drop: false }`
[INFO] [stderr]     Blocking waiting for file lock on package cache
[INFO] running `Command { std: "/workspace/cargo-home/bin/cargo" "+af3c6e733a40e671550e0f0f5aeecaa13772ba56" "fetch" "--locked" "--manifest-path" "Cargo.toml", kill_on_drop: false }`
[INFO] [stderr]     Blocking waiting for file lock on package cache
[INFO] running `Command { std: "docker" "create" "-v" "/var/lib/crater-agent-workspace/builds/worker-1/target:/opt/rustwide/target:rw,Z" "-v" "/var/lib/crater-agent-workspace/builds/worker-1/source:/opt/rustwide/workdir:ro,Z" "-v" "/var/lib/crater-agent-workspace/cargo-home:/opt/rustwide/cargo-home:ro,Z" "-v" "/var/lib/crater-agent-workspace/rustup-home:/opt/rustwide/rustup-home:ro,Z" "-e" "SOURCE_DIR=/opt/rustwide/workdir" "-e" "CARGO_TARGET_DIR=/opt/rustwide/target" "-e" "CARGO_HOME=/opt/rustwide/cargo-home" "-e" "RUSTUP_HOME=/opt/rustwide/rustup-home" "-w" "/opt/rustwide/workdir" "-m" "1610612736" "--user" "0:0" "--network" "none" "rustops/crates-build-env@sha256:d92eaeed33fa75130ca1ee6c8a01d1ffb62bac859dfdfb3450e3e5d1c0146529" "/opt/rustwide/cargo-home/bin/cargo" "+af3c6e733a40e671550e0f0f5aeecaa13772ba56" "metadata" "--no-deps" "--format-version=1", kill_on_drop: false }`
[INFO] [stdout] 73910f2fa3396eca6aac94bc0289b56f2d6f48351b7bfbb92b31eb5724bcf22a
[INFO] [stderr] WARNING: Your kernel does not support swap limit capabilities or the cgroup is not mounted. Memory limited without swap.
[INFO] running `Command { std: "docker" "start" "-a" "73910f2fa3396eca6aac94bc0289b56f2d6f48351b7bfbb92b31eb5724bcf22a", kill_on_drop: false }`
[INFO] running `Command { std: "docker" "inspect" "73910f2fa3396eca6aac94bc0289b56f2d6f48351b7bfbb92b31eb5724bcf22a", kill_on_drop: false }`
[INFO] running `Command { std: "docker" "rm" "-f" "73910f2fa3396eca6aac94bc0289b56f2d6f48351b7bfbb92b31eb5724bcf22a", kill_on_drop: false }`
[INFO] [stdout] 73910f2fa3396eca6aac94bc0289b56f2d6f48351b7bfbb92b31eb5724bcf22a
[INFO] running `Command { std: "docker" "create" "-v" "/var/lib/crater-agent-workspace/builds/worker-1/target:/opt/rustwide/target:rw,Z" "-v" "/var/lib/crater-agent-workspace/builds/worker-1/source:/opt/rustwide/workdir:ro,Z" "-v" "/var/lib/crater-agent-workspace/cargo-home:/opt/rustwide/cargo-home:ro,Z" "-v" "/var/lib/crater-agent-workspace/rustup-home:/opt/rustwide/rustup-home:ro,Z" "-e" "SOURCE_DIR=/opt/rustwide/workdir" "-e" "CARGO_TARGET_DIR=/opt/rustwide/target" "-e" "CARGO_INCREMENTAL=0" "-e" "RUST_BACKTRACE=full" "-e" "RUSTFLAGS=--cap-lints=forbid" "-e" "CARGO_HOME=/opt/rustwide/cargo-home" "-e" "RUSTUP_HOME=/opt/rustwide/rustup-home" "-w" "/opt/rustwide/workdir" "-m" "1610612736" "--user" "0:0" "--network" "none" "rustops/crates-build-env@sha256:d92eaeed33fa75130ca1ee6c8a01d1ffb62bac859dfdfb3450e3e5d1c0146529" "/opt/rustwide/cargo-home/bin/cargo" "+af3c6e733a40e671550e0f0f5aeecaa13772ba56" "check" "--frozen" "--all" "--all-targets" "--message-format=json", kill_on_drop: false }`
[INFO] [stdout] 9e05e1b5ac036ef57a9d64532469b9557d4426001b1dffed34edc89b2843b381
[INFO] [stderr] WARNING: Your kernel does not support swap limit capabilities or the cgroup is not mounted. Memory limited without swap.
[INFO] running `Command { std: "docker" "start" "-a" "9e05e1b5ac036ef57a9d64532469b9557d4426001b1dffed34edc89b2843b381", kill_on_drop: false }`
[INFO] [stderr]     Checking cfg-if v0.1.10
[INFO] [stderr]    Compiling memchr v2.3.3
[INFO] [stderr]     Checking lazy_static v1.4.0
[INFO] [stderr]     Checking rustc-serialize v0.3.24
[INFO] [stderr]     Checking regex-syntax v0.6.18
[INFO] [stderr]    Compiling num-traits v0.2.12
[INFO] [stderr]    Compiling num-integer v0.1.43
[INFO] [stderr]    Compiling num-bigint v0.3.0
[INFO] [stderr]    Compiling num-iter v0.1.41
[INFO] [stderr]    Compiling num-rational v0.3.0
[INFO] [stderr]     Checking getrandom v0.1.15
[INFO] [stderr]     Checking thread_local v1.0.1
[INFO] [stderr]     Checking rand_core v0.5.1
[INFO] [stderr]     Checking rand_chacha v0.2.2
[INFO] [stderr]     Checking aho-corasick v0.7.13
[INFO] [stderr]     Checking rand v0.7.3
[INFO] [stderr]     Checking num-complex v0.3.0
[INFO] [stderr]     Checking regex v1.3.9
[INFO] [stderr]     Checking num v0.3.0
[INFO] [stderr]     Checking cgmath v0.2.0
[INFO] [stdout] error[E0432]: unresolved import `rand::Rand`
[INFO] [stdout]   --> /opt/rustwide/cargo-home/registry/src/github.com-1ecc6299db9ec823/cgmath-0.2.0/src/matrix.rs:22:12
[INFO] [stdout]    |
[INFO] [stdout] 22 | use rand::{Rand, Rng};
[INFO] [stdout]    |            ^^^^ no `Rand` in the root
[INFO] [stdout] 
[INFO] [stdout] 
[INFO] [stdout] error[E0432]: unresolved import `rand::Rand`
[INFO] [stdout]   --> /opt/rustwide/cargo-home/registry/src/github.com-1ecc6299db9ec823/cgmath-0.2.0/src/quaternion.rs:21:12
[INFO] [stdout]    |
[INFO] [stdout] 21 | use rand::{Rand, Rng};
[INFO] [stdout]    |            ^^^^ no `Rand` in the root
[INFO] [stdout] 
[INFO] [stdout] 
[INFO] [stdout] error[E0432]: unresolved import `rand::Rand`
[INFO] [stdout]    --> /opt/rustwide/cargo-home/registry/src/github.com-1ecc6299db9ec823/cgmath-0.2.0/src/vector.rs:103:12
[INFO] [stdout]     |
[INFO] [stdout] 103 | use rand::{Rand, Rng};
[INFO] [stdout]     |            ^^^^ no `Rand` in the root
[INFO] [stdout] 
[INFO] [stdout] 
[INFO] [stdout] error[E0432]: unresolved import `rand::Rand`
[INFO] [stdout]   --> /opt/rustwide/cargo-home/registry/src/github.com-1ecc6299db9ec823/cgmath-0.2.0/src/angle.rs:22:12
[INFO] [stdout]    |
[INFO] [stdout] 22 | use rand::{Rand, Rng};
[INFO] [stdout]    |            ^^^^ no `Rand` in the root
[INFO] [stdout] 
[INFO] [stdout] 
[INFO] [stdout] error[E0432]: unresolved import `rand::distributions::range`
[INFO] [stdout]   --> /opt/rustwide/cargo-home/registry/src/github.com-1ecc6299db9ec823/cgmath-0.2.0/src/angle.rs:23:26
[INFO] [stdout]    |
[INFO] [stdout] 23 | use rand::distributions::range::SampleRange;
[INFO] [stdout]    |                          ^^^^^ could not find `range` in `distributions`
[INFO] [stdout] 
[INFO] [stdout] 
[INFO] [stdout] error[E0404]: expected trait, found enum `Bound`
[INFO] [stdout]    --> /opt/rustwide/cargo-home/registry/src/github.com-1ecc6299db9ec823/cgmath-0.2.0/src/point.rs:454:30
[INFO] [stdout]     |
[INFO] [stdout] 454 | impl<S: BaseFloat + 'static> Bound<S> for Point3<S> {
[INFO] [stdout]     |                              ^^^^^^^^ not a trait
[INFO] [stdout]     |
[INFO] [stdout] help: consider importing this trait instead
[INFO] [stdout]     |
[INFO] [stdout] 20  | use Bound;
[INFO] [stdout]     |
[INFO] [stdout] 
[INFO] [stdout] 
[INFO] [stdout] error[E0659]: `Bound` is ambiguous (glob import vs glob import in the same module)
[INFO] [stdout]    --> /opt/rustwide/cargo-home/registry/src/github.com-1ecc6299db9ec823/cgmath-0.2.0/src/point.rs:454:30
[INFO] [stdout]     |
[INFO] [stdout] 454 | impl<S: BaseFloat + 'static> Bound<S> for Point3<S> {
[INFO] [stdout]     |                              ^^^^^ ambiguous name
[INFO] [stdout]     |
[INFO] [stdout] note: `Bound` could refer to the enum imported here
[INFO] [stdout]    --> /opt/rustwide/cargo-home/registry/src/github.com-1ecc6299db9ec823/cgmath-0.2.0/src/point.rs:22:5
[INFO] [stdout]     |
[INFO] [stdout] 22  | use std::ops::*;
[INFO] [stdout]     |     ^^^^^^^^^^^
[INFO] [stdout]     = help: consider adding an explicit import of `Bound` to disambiguate
[INFO] [stdout] note: `Bound` could also refer to the trait imported here
[INFO] [stdout]    --> /opt/rustwide/cargo-home/registry/src/github.com-1ecc6299db9ec823/cgmath-0.2.0/src/point.rs:28:5
[INFO] [stdout]     |
[INFO] [stdout] 28  | use bound::*;
[INFO] [stdout]     |     ^^^^^^^^
[INFO] [stdout]     = help: consider adding an explicit import of `Bound` to disambiguate
[INFO] [stdout] 
[INFO] [stdout] 
[INFO] [stdout] error: aborting due to 7 previous errors
[INFO] [stdout] 
[INFO] [stdout] 
[INFO] [stdout] Some errors have detailed explanations: E0404, E0432, E0659.
[INFO] [stdout] 
[INFO] [stdout] For more information about an error, try `rustc --explain E0404`.
[INFO] [stdout] 
[INFO] [stderr] error: could not compile `cgmath`.
[INFO] [stderr] 
[INFO] [stderr] To learn more, run the command again with --verbose.
[INFO] running `Command { std: "docker" "inspect" "9e05e1b5ac036ef57a9d64532469b9557d4426001b1dffed34edc89b2843b381", kill_on_drop: false }`
[INFO] running `Command { std: "docker" "rm" "-f" "9e05e1b5ac036ef57a9d64532469b9557d4426001b1dffed34edc89b2843b381", kill_on_drop: false }`
[INFO] [stdout] 9e05e1b5ac036ef57a9d64532469b9557d4426001b1dffed34edc89b2843b381
